{"id":259,"date":"2023-09-01T09:34:27","date_gmt":"2023-09-01T00:34:27","guid":{"rendered":"http:\/\/mars.dev-system.work\/umemoto2\/?page_id=259"},"modified":"2023-09-29T14:54:20","modified_gmt":"2023-09-29T05:54:20","slug":"espanol","status":"publish","type":"page","link":"http:\/\/mars.dev-system.work\/umemoto2\/jobs\/espanol\/","title":{"rendered":"\ud83c\uddea\ud83c\uddf8 EMPLEOS"},"content":{"rendered":"<h1 style=\"text-align: center;\"><span style=\"font-size: 32px;\"><strong>Ofertas de empleo<br \/>\n<\/strong><\/span><\/h1>\n<div class=\"design_button type1 shape_type1 quick_tag_ver\">\n<p><a href=\"#\"><span class=\"label\">Tu ficha aqu\u00ed<\/span><\/a><\/p>\n<\/div>\n<div>\n<table class=\"table_border_horizontal\" style=\"width: 100%; border-collapse: collapse;\" border=\"1\">\n<tbody>\n<tr>\n<td style=\"width: 25%; text-align: center;\"><strong>Tipo de trabajo<\/strong><\/td>\n<td style=\"width: 25%; text-align: center;\"><strong>Ciudad<\/strong><\/td>\n<td style=\"width: 25%; text-align: center;\"><strong>Turno<\/strong><\/td>\n<td style=\"width: 25%; text-align: center;\"><strong>Sal\u00e1rio<\/strong><\/td>\n<\/tr>\n<tr>\n<td style=\"width: 25%; text-align: center;\">Autom\u00f3vil<\/td>\n<td style=\"width: 25%; text-align: center;\">Anjo<\/td>\n<td style=\"width: 25%; text-align: center;\">Nikotai<\/td>\n<td style=\"width: 25%; text-align: center;\">\uffe51350\/h<\/td>\n<\/tr>\n<tr>\n<td style=\"width: 25%; text-align: center;\">Costura<\/td>\n<td style=\"width: 25%; text-align: center;\">Toyota<\/td>\n<td style=\"width: 25%; text-align: center;\">Hirukin<\/td>\n<td style=\"width: 25%; text-align: center;\">\uffe51250\/h<\/td>\n<\/tr>\n<tr>\n<td style=\"width: 25%; text-align: center;\">Montaje del automotriz<\/td>\n<td style=\"width: 25%; text-align: center;\">Toyota<\/td>\n<td style=\"width: 25%; text-align: center;\">Nikotai<\/td>\n<td style=\"width: 25%; text-align: center;\">\uffe51500\/h<\/td>\n<\/tr>\n<tr>\n<td style=\"width: 25%; text-align: center;\">Operador de la m\u00e1quina<\/td>\n<td style=\"width: 25%; text-align: center;\">Toyota<\/td>\n<td style=\"width: 25%; text-align: center;\">Nikotai<\/td>\n<td style=\"width: 25%; text-align: center;\">\uffe51300\/h<\/td>\n<\/tr>\n<tr>\n<td style=\"width: 25%; text-align: center;\">Montaje<\/td>\n<td style=\"width: 25%; text-align: center;\">Kariya<\/td>\n<td style=\"width: 25%; text-align: center;\">Nikotai<\/td>\n<td style=\"width: 25%; text-align: center;\">\uffe51350\/h<\/td>\n<\/tr>\n<tr>\n<td style=\"width: 25%; text-align: center;\">Operador da la m\u00e1quina<\/td>\n<td style=\"width: 25%; text-align: center;\">Kosai-Shizuoka<\/td>\n<td style=\"width: 25%; text-align: center;\">Hirukin<\/td>\n<td style=\"width: 25%; text-align: center;\">\uffe51250\/h<\/td>\n<\/tr>\n<tr>\n<td style=\"width: 25%; text-align: center;\">Montaje em f\u00e1brica del construcci\u00f3n civil<\/td>\n<td style=\"width: 25%; text-align: center;\">Inabe-Mie<\/td>\n<td style=\"width: 25%; text-align: center;\">Hirukin<\/td>\n<td style=\"width: 25%; text-align: center;\">\uffe51400\/h<\/td>\n<\/tr>\n<\/tbody>\n<\/table>\n<\/div>\n<p><iframe loading=\"lazy\" title=\"Formulario de inscripci\u00f3n\" src=\"https:\/\/d8b5e05e.form.kintoneapp.com\/public\/7ea23f62c86b55e7c8de4b8ac08517573b0945d710f32ad37f1da401c4e7602b?iframe=true\" width=\"100%\" height=\"1024px\" frameborder=\"0\" scrolling=\"auto\"><\/iframe><\/p>\n","protected":false},"excerpt":{"rendered":"Ofertas de empleo Tu ficha aqu\u00ed Tipo de trabajo Ciudad Turno Sal\u00e1rio Autom\u00f3vil Anjo Nikotai \uffe51350\/h Costura To [&hellip;]","protected":false},"author":1,"featured_media":459,"parent":266,"menu_order":5,"comment_status":"closed","ping_status":"closed","template":"","meta":{"footnotes":""},"class_list":["post-259","page","type-page","status-publish","has-post-thumbnail","hentry"],"_links":{"self":[{"href":"http:\/\/mars.dev-system.work\/umemoto2\/wp-json\/wp\/v2\/pages\/259","targetHints":{"allow":["GET"]}}],"collection":[{"href":"http:\/\/mars.dev-system.work\/umemoto2\/wp-json\/wp\/v2\/pages"}],"about":[{"href":"http:\/\/mars.dev-system.work\/umemoto2\/wp-json\/wp\/v2\/types\/page"}],"author":[{"embeddable":true,"href":"http:\/\/mars.dev-system.work\/umemoto2\/wp-json\/wp\/v2\/users\/1"}],"replies":[{"embeddable":true,"href":"http:\/\/mars.dev-system.work\/umemoto2\/wp-json\/wp\/v2\/comments?post=259"}],"version-history":[{"count":55,"href":"http:\/\/mars.dev-system.work\/umemoto2\/wp-json\/wp\/v2\/pages\/259\/revisions"}],"predecessor-version":[{"id":832,"href":"http:\/\/mars.dev-system.work\/umemoto2\/wp-json\/wp\/v2\/pages\/259\/revisions\/832"}],"up":[{"embeddable":true,"href":"http:\/\/mars.dev-system.work\/umemoto2\/wp-json\/wp\/v2\/pages\/266"}],"wp:featuredmedia":[{"embeddable":true,"href":"http:\/\/mars.dev-system.work\/umemoto2\/wp-json\/wp\/v2\/media\/459"}],"wp:attachment":[{"href":"http:\/\/mars.dev-system.work\/umemoto2\/wp-json\/wp\/v2\/media?parent=259"}],"curies":[{"name":"wp","href":"https:\/\/api.w.org\/{rel}","templated":true}]}}